= -4*r - 132, y - 2*r + 2 - 26 = 0. Suppose 4*q - y = 16. Let h be 0 - 165/(-20)*(-6 + 9)*4. What is the greatest common factor of q and h?
11
Suppose -4*h - 71 = 19*h - 623. Calculate the highest common divisor of h and 318.
6
Let l be ((-48)/64 + -18)/(2/(-8)). Calculate the highest common divisor of l and 840.
15
Suppose 2*j = 4*m - 410, -3*j - 100 + 317 = 2*m. Suppose -5*r = -n - 130, 2*r - 67 + 15 = -2*n. Calculate the highest common divisor of r and m.
26
Suppose 0 = -3*n - 8*r + 6*r + 2752, 3*r = 2*n - 1839. Calculate the highest common factor of n and 36.
18
Let r be 814/(-10) + (-6)/(-15). Let q be (-18)/r + 25/9. Calculate the greatest common factor of 3 and q.
3
Let k(n) = -n**3 + 5*n**2 + 4*n + 23. Suppose 11 + 13 = 4*c. Let l be k(c). What is the greatest common factor of l and 55?
11
Let d(n) = 5*n + 33. Let l be d(-8). Let f = -3 - l. Suppose 3*m - h = 14, 3*m - 28 = f*h + 1. What is the highest common factor of m and 21?
3
Let z(x) = x**3 + 6*x**2 + x - 4. Let a be z(-3). Suppose 37*u - 32613 = -28913. Calculate the greatest common factor of a and u.
20
Let h be (178/3)/((-6)/27). Let t = -135 - h. Suppose -5*z - 21 + 172 = 4*d, -4*z + 156 = 4*d. Calculate the highest common factor of d and t.
44
Suppose 2*m - 146 = -4*h, 5*m = 5*h + 11 + 399. Calculate the highest common factor of 1343 and m.
79
Let o = -237 - -996. Let d be (-2120)/(-30) + -1 + 4/(-6). What is the highest common divisor of d and o?
69
Let y = 14233 - 13795. Calculate the highest common factor of 3212 and y.
146
Let g = 6 - -11. Let p be ((-3)/4)/((-3)/12). Suppose 0 = p*c - 12, -190 + 610 = 3*y + 3*c. Calculate the greatest common factor of y and g.
17
Suppose -3*b + 61 = 5*k + b, 2*k - 24 = -2*b. Suppose -9*y - 3*y = 24. Let x be y/(-3) - (-14)/6*22. What is the greatest common divisor of k and x?
13
Let a be (18 + 188)/((-28)/(-546)). Calculate the highest common factor of 1545 and a.
309
Let f be (5 + -17)/(-3) - (-2 - 31). Suppose x = 4*o - f, 6*x - 3 = 5*x. What is the highest common divisor of o and 16?
2
Suppose 5*u = -3 + 48. Suppose -c = p - 75, u*c - 219 = -3*p + 4*c. Let a be 2/(-13) + 1416/p. Calculate the highest common factor of a and 45.
9
Let f(t) = -t**3 - 25*t**2 - 10*t + 22. Let l(n) = 4*n**2 - 1. Let d(m) = f(m) + 6*l(m). Let g be d(-8). Calculate the greatest common factor of g and 17.
17
Suppose -3 = -u, -3*u + 810 = -q + 2340. What is the highest common divisor of q and 38?
19
Suppose -1750*p = -1768*p - 33343 + 138139. What is the highest common divisor of 284 and p?
142
Suppose -23850 = -5*i + 5*c, 5*i - c = -1417 + 25263. Calculate the greatest common factor of 38 and i.
19
Let h = 514 + -753. Let o be (-13)/((-78)/48) - h. Calculate the highest common divisor of 38 and o.
19
Let l be (-1839)/6 + 18/(-36). Let v = -183 - l. Suppose 6*b = 4*b + 62. Calculate the highest common divisor of v and b.
31
Let s be (4 + -2 - 9) + 4. Suppose -2*n - 8 = -34. Let p = n - s. Calculate the greatest common factor of p and 8.
8
Suppose -421*f + 494*f = 11826. Calculate the greatest common divisor of f and 666.
18
Suppose -53006 = -130*x + 24994. What is the highest common divisor of x and 660?
60
Let m(n) = -375*n + 31. Let u be m(-3). Calculate the greatest common divisor of u and 12.
4
Let r(c) = -5*c + 18. Let q be r(3). Suppose 4*l = q*u - 44, -u - 4*l + 56 = u. Calculate the greatest common divisor of 160 and u.
20
Suppose -991 = -3*v - 166. Let p = -137 + 247. Calculate the greatest common divisor of v and p.
55
Suppose -5*o - 4*j = -393, -2*o + 4*j + 148 = j. Calculate the highest common factor of 224 and o.
7
Let m(a) = -5*a - 25. Let y be -7*1*(-5 - -6). Let v be m(y). Calculate the highest common divisor of 115 and v.
5
Let d = 3493 + -3471. What is the greatest common divisor of d and 12782?
22
Suppose 24*j - 46*j + 4*j + 18864 = 0. What is the greatest common factor of 8 and j?
8
Suppose 9*x - 14*x = -15. Suppose -x*c = -119 - 742. Let g = c + -152. Calculate the greatest common factor of g and 15.
15
Let r(w) = w**3 + 2*w**2 - 20*w - 6. Let c be ((-10)/(-4))/((-3)/6). Let h be r(c). What is the highest common divisor of 19 and h?
19
Suppose 0 = y - 113 + 28. Let o(l) = l**3 - 6*l + 1. Let z be o(-2). Calculate the highest common factor of z and y.
5
Suppose 8*s + v = 3*s + 17640, -5*s + 17640 = 2*v. What is the greatest common divisor of 120 and s?
24
Let c = 154 + -186. Let y be (-2004)/c + (-9)/(-24). Calculate the greatest common factor of 27 and y.
9
Let n(a) = -7*a**2 - 15*a - 153. Let f be n(-8). Let z = 581 + f. What is the highest common factor of 75 and z?
25
Suppose 1593*r = 799*r + 820*r - 64454. Calculate the highest common divisor of 333 and r.
37
Let a = 10779 - 10614. What is the greatest common divisor of a and 1023?
33
Let g be (4/(-5))/((42/(-4725))/(7/21)). What is the highest common factor of g and 200?
10
Let c(l) = l**3 + 26*l**2 - 58*l + 28. Let o = -395 + 367. Let w be c(o). What is the highest common divisor of 63 and w?
21
Let i(k) = 73*k + 13. Let a be i(3). Let g = -43 + a. What is the greatest common factor of g and 54?
27
Let f = 53 - -497. Let t = f - 265. Calculate the greatest common divisor of 114 and t.
57
Suppose -213 = -j - 89. Suppose -122*d = -j*d + 36. Let o(v) = 6*v**2 - v + 7. Let h be o(-5). What is the greatest common divisor of d and h?
18
Let v = -2524 - -6848. Calculate the highest common factor of v and 92.
92
Let a(n) = -4*n**3 - 3*n**2 - 3*n + 22. Let r be a(8). Let g be (-11)/77 - r/14. What is the greatest common divisor of g and 80?
80
Suppose 0 = -96*y + 94*y + 6. Suppose -3*m + 34 = 2*s, -y*m + 58 = -s + 21. What is the greatest common factor of 42 and m?
6
Suppose -5*k = 15 - 45. Suppose -12*g - 384 = -27*g - 49*g. What is the highest common factor of g and k?
6
Let j be (768/(-112))/((-7)/147). Let b = -1 + 2. Let g(x) = 23*x**3 + 2*x**2 - 1. Let o be g(b). What is the greatest common divisor of o and j?
24
Let p(i) = 103 + 25*i - 545*i**2 + 544*i**2 + i. Let y be p(28). Calculate the greatest common factor of y and 235.
47
Suppose -8*n + 2857 = -5*n - 5*g, -3*g = 3*n - 2817. Let q = n - 927. What is the highest common factor of 68 and q?
17
Let g = 153 + -118. Let w(j) = -6*j - 58. Let q be w(-11). Suppose q*c - 525 = 5*c. Calculate the highest common factor of c and g.
35
Let s(n) = 139*n**3 + 3*n**2 + n. Let w(v) = v**2 + v + 1. Let k(x) = s(x) - w(x). Let z be k(1). What is the greatest common divisor of 20 and z?
20
Let k = -2472 + 1670. Let t = 1162 + k. What is the greatest common factor of t and 45?
45
Let m(t) = 172*t**2 - 509*t + 9. Let h be m(5). Calculate the greatest common factor of 735 and h.
147
Let q be (-723 - -724)/(0 - (-4018)/(-1340) - (-30 - -27)). Let c be -1 - 11/(-1 - 0). What is the highest common factor of c and q?
10
Suppose 27*p + 8*p = 12950. Suppose -9*m = -p - 359. Calculate the highest common factor of m and 18.
9
Let t(f) = f**2 + f - 25. Let y be 33 + (1 - (3 + -4)) + 2. Let w be -1*(2 - y)/5. Let a be t(w). Calculate the highest common factor of 93 and a.
31
Suppose 5*m - u = 1610, 2*m - 644 = -2*u - 3*u. Let f = -309 + m. Let s(b) = 2*b - 11. Let p be s(12). What is the greatest common divisor of p and f?
13
Let v = -291 + 271. Let y(l) = l**3 + 21*l**2 + 17*l - 22. Let g be y(v). Calculate the highest common divisor of g and 38.
38
Let s be (-13 + 29 - 34) + 6 + 92. Suppose -207 = -m + 73. Calculate the highest common divisor of s and m.
40
Let y(z) = z - 54. Let l be y(0). Let u = -2 - l. Let a be u/((-10)/(-5)) + 4*-1. Calculate the highest common divisor of a and 88.
22
Let u be 20/8*12*366/15. Let r = u + -570. Calculate the highest common divisor of r and 2.
2
Let i = -17945 - -18041. What is the highest common factor of i and 14624?
32
Let t = -12623 + 12624. Suppose 0 = 2*w - w - 11. Suppose -w*h - 105 = -16*h. What is the greatest common factor of h and t?
1
Let m = 9889 + -9815. What is the greatest common divisor of m and 5439?
37
Suppose -37*a + 185814 = 9*a + 28*a. What is the greatest common factor of a and 341?
31
Let l(h) = 10*h**2 + 2*h + 1. Suppose 4*v + 131 = -0*v + x, 2*v + 4*x = -70. Let k = v - -34. Let c be l(k). What is the greatest common divisor of 26 and c?
13
Suppose -3*b = 4*c + 480, -2*b + 0*c - 4*c - 316 = 0